 common divisor of m and 22.
2
Let k(z) = z**3 - 7*z**2 + 7*z - 4. Let j be k(6). Let b be -2 - -14 - (1 + -3). Calculate the greatest common factor of j and b.
2
Let r(s) = s**3 + 10*s**2 + 6*s - 11. Let y be r(-9). Calculate the greatest common divisor of 144 and y.
16
Suppose 3 = 2*t + t. Let a be t/(-4) - (-51)/12. Let k be -2 + 28/6*3. Calculate the highest common divisor of k and a.
4
Suppose 0 = 6*w - 3*w - 4*x - 20, -4*x - 28 = -5*w. Suppose w*s + 116 = 4*d, -2*d - 4*s + 40 = -0*d. What is the highest common factor of d and 39?
13
Let d(h) = 6*h + 3. Let f be d(3). Calculate the greatest common factor of f and 189.
21
Let f be 4/((-24)/10)*18/(-2). Calculate the greatest common factor of 5 and f.
5
Suppose 4*s - 33 = -q + 4, 0 = -5*s + 3*q + 59. Suppose -5*t = 4*h - 445, -h + 108 = -0*t - 2*t. Calculate the highest common divisor of h and s.
10
Suppose 160 = 3*h + 2*h. What is the highest common factor of h and 4?
4
Let m(s) = -4*s + 7. Let q(i) = -3*i + 7. Let f(r) = -2*m(r) + 3*q(r). Let k be f(6). Let d = 7 + k. What is the greatest common factor of d and 40?
8
Suppose 3*k + 4 - 16 = 0. Suppose 0 = -b + 3 + k. Calculate the highest common divisor of 7 and b.
7
Let s = -80 - -49. Let u = s + 51. Let b = 37 - u. Calculate the greatest common factor of b and 153.
17
Let a(q) = -2*q + 10. Let c be (-1 + 15)/(-2 - 0). Let g be a(c). What is the greatest common factor of 60 and g?
12
Suppose 0 = -2*w + r + 26, -r = -5*w + 29 + 30. What is the greatest common factor of 99 and w?
11
Let f be 12 - (0/3 - -2). What is the highest common divisor of 20 and f?
10
Suppose 0 = -g - 0*g - q + 7, 4*g - 2*q - 46 = 0. Calculate the greatest common factor of g and 25.
5
Let i be ((-150)/(-9))/((-2)/(-3)). Calculate the highest common divisor of 25 and i.
25
Let y = -18 - -39. What is the greatest common factor of y and 14?
7
Suppose 3*n - 37 = -2*m - 0*n, 0 = -m - 5*n + 29. Calculate the greatest common divisor of m and 7.
7
Let q be 3 + 2 + (-3 - -3). Suppose 0 = q*i + 26 - 71. Suppose 3 = w - 6. What is the greatest common divisor of i and w?
9
Let u(w) = 48*w + 3. Let l be u(2). Calculate the highest common factor of 11 and l.
11
Let x(b) = 2*b**2 - 4*b - 3. Let v be x(5). Let o(m) = 3*m + 48. Let n be o(-15). What is the greatest common divisor of n and v?
3
Suppose d - 240 = -4*r + 3*d, -r + 3*d = -60. Calculate the greatest common factor of r and 15.
15
Let u = -16 + 37. What is the greatest common divisor of 7 and u?
7
Let h(j) be the second derivative of -5*j**3/6 + j**2/2 - 3*j. Let x be h(3). Let n be (-4)/x - 122/(-14). What is the greatest common factor of 99 and n?
9
Suppose -5*z = -m + 10, 3*m - 42 = -2*z + 5*z. Calculate the greatest common divisor of m and 5.
5
Let l = -49 + 107. Suppose a = -c + 18, -3*c - 7*a = -3*a - l. What is the greatest common divisor of 28 and c?
14
Let h = 15 - -2. Let c be h - 0 - (-4 - -7). Calculate the highest common factor of c and 21.
7
Let b(d) = d**3 + 3*d**2 - 9*d + 7. Let n be b(3). Calculate the highest common factor of n and 272.
34
Suppose 0*b + 5*g + 9 = 4*b, 3*b + 5*g = 33. What is the highest common divisor of 9 and b?
3
Let n be 7/2 + (-1)/2. Suppose 3*t - n - 3 = 0, -3*c + 29 = 4*t. Calculate the highest common factor of 28 and c.
7
Suppose 5*u = 5*a + 500, 0 = u + u - 5*a - 188. What is the highest common factor of u and 13?
13
Let w = 12 - 5. Let i(a) = a**3 - 5*a**2 - 8*a + 3. Let v be i(w). Suppose 0 = -3*f + 13 + 14. Calculate the highest common factor of f and v.
9
Let v(w) = -20*w + 5. Let m be v(-5). What is the greatest common divisor of 21 and m?
21
Let k(i) = 37*i - 50. Let c be k(7). Calculate the highest common divisor of 19 and c.
19
Let y be 4 - 3*6/9. What is the highest common divisor of y and 10?
2
Let j(y) = y**3 + 10*y**2. Let f be 8*(0 + (-10)/8). Let a be j(f). Let k be 11 + 0 + 2 + a. Calculate the highest common factor of 13 and k.
13
Let c = -37 + 39. What is the highest common factor of c and 16?
2
Let x be 26/(-8)*(-10 + 6). What is the greatest common factor of 13 and x?
13
Suppose 4*i - 364 = -3*f, -8 = -2*f - 0*f. What is the highest common factor of i and 11?
11
Let k = -17 - -21. Suppose 3*s = -3*g + 471, -5*s + 141 = -k*s - 3*g. Calculate the greatest common factor of s and 17.
17
Let o be 20/3*(-216)/(-30). Calculate the greatest common factor of o and 72.
24
Suppose 0 = -5*j + j + 60. Let g be ((-10)/j)/((-2)/117). Calculate the greatest common divisor of g and 13.
13
Let h(l) = l**2 + 4*l - 3. Let j(u) = -u**2 + 6*u - 5. Let d be j(6). Let w be h(d). Calculate the greatest common divisor of w and 10.
2
Let t(q) = 3*q**2 + 3*q - 12. Let m be t(-5). What is the greatest common factor of 72 and m?
24
Let y(o) = 3*o**2 - 6*o + 5. Let v be y(3). What is the greatest common factor of v and 154?
14
Let z be 2/(-4)*(-2 - 166). What is the greatest common divisor of 12 and z?
12
Let c be (21/3)/(1/22). Let u = 43 + -29. What is the greatest common divisor of c and u?
14
Let d(v) = -14*v - 2. Let a be ((-1)/1)/(-3)*-3. Let h be d(a). Let w be 298/5 - (-4)/10. Calculate the greatest common factor of w and h.
12
Let z be 1*4 + (-2 - -3). Suppose z*y - 6 = 4*y. Suppose 22 = 4*l + y. Calculate the greatest common factor of 10 and l.
2
Suppose 1 = t - d - 4, t = -2*d + 2. Suppose -7*g + w + 95 = -2*g, 2*w = -4*g + 90. Suppose p = 3*p - g. Calculate the greatest common factor of p and t.
2
Suppose a + 0*a - 6 = 0. Let n = -65 - -107. What is the highest common factor of n and a?
6
Let s be (144/(-4))/(1 + -3). Let t be (-58)/(-18) + (-6)/27. Suppose 30 = -2*y + 7*y + 4*a, y - t*a = 6. What is the greatest common divisor of y and s?
6
Suppose 2*r = m - 20, -4*m + 28 = -5*r - 52. Let a(b) = -b**3 + 12*b**2 + 4*b - 28. Let u be a(12). Calculate the greatest common divisor of u and m.
20
Suppose -3 = -3*g + 9. Suppose 0 = -v + 2*j + 17, -g*v - 5*j - 5 + 73 = 0. What is the greatest common divisor of 187 and v?
17
Let g(z) = -2*z - 3. Let n be g(-5). Suppose -4*l + 23 = n. Let c(t) = 11*t + 1. Let p be c(l). Calculate the highest common factor of p and 9.
9
Suppose -4*d + 38 + 240 = 3*z, -3*z - 3*d = -273. Let k = -51 + z. Suppose 4*v - 16 = 3*p, 3*v - 3 - 2 = 4*p. What is the highest common factor of k and v?
7
Suppose 3*v = -2*h + 23 + 105, 0 = 4*v + 2*h - 172. What is the greatest common factor of v and 88?
44
Suppose -c + 0 = -2. Suppose -3*b + 62 = u, 2*u + c = -0*u. Calculate the greatest common factor of b and 3.
3
Suppose -184 = -b - 3*b - 4*v, -240 = -5*b - 3*v. Suppose 0 = -6*d + 3*d + b. Calculate the greatest common divisor of 85 and d.
17
Let p(v) = -10 + 2*v + 5*v - 4*v - 4*v. Suppose 2*a + 0 + 22 = 0. Let n be p(a). Calculate the highest common factor of 8 and n.
1
Let x(g) = g**2 - g - 4. Let d be x(5). What is the highest common factor of 176 and d?
16
Suppose 400 = 2*g + 3*g. Suppose -3*z = -19 - 50. Let q = z + -13. What is the highest common factor of q and g?
10
Let l(u) = -u**3 + 7*u**2 + 8*u + 5. Let x be l(8). Let i = x + -8. Let s be (2 - 0)*(-6)/i. What is the highest common factor of 6 and s?
2
Let s(b) = 4*b - 2. Let n be s(5). What is the greatest common divisor of 27 and n?
9
Let p be (-36)/(-12) + (2 + 38 - -2). What is the highest common factor of p and 30?
15
Suppose 8 = -4*u - 52. Let l(k) = k**2 + 9*k + 6. Let x be l(-6). Let j be (-5)/(-2)*x/u. What is the highest common divisor of j and 2?
2
Let l = 49 + -7. Let j = 17 - -4. Calculate the greatest common divisor of j and l.
21
Let j be (2/6)/((-1)/(-21)). Calculate the greatest common factor of j and 63.
7
Let f = -3 + 30. Calculate the highest common divisor of f and 81.
27
Let m(h) = 6*h - 1. Let c be m(2). Let v(w) = w**3 - w**2 + 2*w - 1. Let y be v(4). Calculate the greatest common factor of c and y.
11
Let q be (-3118)/(-15) + 7/(-315)*-6. What is the greatest common factor of q and 26?
26
Suppose -5*t + 47 = -4*c, t - 22 = c + 4*c. Let o = -130 + 179. What is the highest common divisor of o and t?
7
Let n be (-16)/5 + 1/5. Let d be n/(-6)*6*1. Let w be (2*-12)/(d/(-4)). What is the highest common factor of 8 and w?
8
Let k = -30 - -69. What is the greatest common divisor of 91 and k?
13
Let r(x) = x**3 + 4*x**2 + 4*x. Let d(g) = -g. Let u be d(3). Let w be r(u). Let j be 2 + (-18)